{"id":2,"date":"2020-09-14T04:49:59","date_gmt":"2020-09-14T04:49:59","guid":{"rendered":"http:\/\/localhost\/rua-anh\/?page_id=2"},"modified":"2022-01-05T03:13:30","modified_gmt":"2022-01-05T03:13:30","slug":"trang-mau","status":"publish","type":"page","link":"http:\/\/ruaanhlayngay.com\/rua-anh\/","title":{"rendered":"Gi\u1edbi thi\u1ec7u"},"content":{"rendered":"\n<p><\/p>\n\n\n\n<p>Ch\u1ee5p \u1ea3nh th\u1ebb <strong><em>L\u1ea5y Ngay<\/em><\/strong> v\u00e0 R\u1eeda \u1ea3nh <strong><em>L\u1ea5y Ngay<\/em><\/strong> http:\/\/ruaanhlayngay.com U<strong><em>y t\u00edn &#8211; Chuy\u00ean nghi\u1ec7p  24\/24!<\/em><\/strong> t\u1ea1i Minh Khai, Times city, Kim Ng\u01b0u, L\u1ea1c Trung, V\u0129nh Tuy, Nguy\u1ec5n Kho\u00e1i, Mai \u0110\u1ed9ng, L\u00f2 \u0110\u00fac, \u0110\u1ea1i h\u1ecdc Kinh Do\u00e1nh C\u00f4ng Ngh\u1ec7, K\u1ef9 Thu\u1eadt C\u1ed9ng Nghi\u1ec7p &#8230;<strong><em>24\/24 t\u1eadn n\u01a1i t\u1ea1i \u0110\u1ecba ch\u1ec9 Qu\u00fd kh\u00e1ch ! Anh Khoa 2005 !<\/em><\/strong><\/p>\n\n\n\n<p style=\"font-size:22px\">Hi\u1ec7u \u1ea3nh KTS &#8211; Pro Lab &#8211; \u1ea2nh vi\u1ec7n Cho b\u00e9 &#8211; Gia \u0111\u00ecnh &#8211; S\u1ef1 ki\u1ec7n<br><strong>Anh Khoa H\u00e0 N\u1ed9i &#8211; S\u00e0i G\u00f2n 2005 &#8211; <em>Uy t\u00edn &#8211; Chuy\u00ean Nghi\u1ec7p !<\/em><\/strong><\/p>\n\n\n\n<p style=\"font-size:22px\">R\u1eeda \u1ea3nh k\u1ef7 ni\u1ec7m <em><strong>L\u1ea5y Ngay<\/strong><\/em>, Ph\u00f3ng \u1ea3nh kh\u1ed5 to <strong>L\u1ea5y Ngay 24\/24<\/strong>,  R\u1eeda \u1ea3nh ch\u00ednh h\u00e3ng <strong>b\u1ec1n \u0111\u1eb9p 100 n\u0103m<\/strong> (th\u1ecb tr\u01b0\u1eddng 95% \u1ea3nh r\u1edfm \u1ea9m nh\u00f2e ngay ho\u1eb7c n\u1eeda th\u00e1ng, v\u00e0i th\u00e1ng&#8230;nh\u00f2e ngay).<\/p>\n\n\n\n<p style=\"font-size:22px\"><strong>\u0110\/c<\/strong> 24\/24:  Chup \u1ea3nh th\u1ebb Minh Khai Times City <strong>24\/24 L\u1ea5y Ngay<\/strong>, r\u1eeda \u1ea3nh kh\u1ed5 to <strong><em>L\u1ea5y Ngay<\/em><\/strong>: <strong>*233<\/strong> Minh Khai (<strong>\u0110\u1ed1i di\u1ec7n c\u1ed5ng C2 Times City nh\u00ecn ch\u00e9o sang l\u00e0 L\u1ed1i ti\u1ec3u h\u1ecdc Vinschool \u0111i ra &#8211; \u0110\u1ed1i di\u1ec7n ch\u00e9o tr\u01b0\u1eddng \u0110\u1ea1i h\u1ecdc kinh t\u1ebf k\u1ef9 thu\u1eadt C\u00f4ng Nghi\u1ec7p UNETI nh\u00ecn ch\u00e9o sang<\/strong> (<strong>C\/y<\/strong>: 431 Minh Khai \u0111\u00e3 chuy\u1ec3n xu\u1ed1ng 233 Minh Khai)<br><strong>\u0110\/c<\/strong> 24\/24: T\u1ea7ng 1 Shop 02 Park 2 Timecity &#8211; m\u1eb7t \u0111\u01b0\u1eddng to \u0110\u1ed1i di\u1ec7n T9 &#8211; <strong>c\u00f3 th\u1ee3 tr\u1ef1c 24\/24 \u0110T: 038 6604 999 &#8211; 0335 222 507<\/strong><br><strong>\u0110\/c<\/strong> 24\/24: 233 Minh Khai (\u0110\u1ed1i di\u1ec7n c\u1ed5ng ph\u1ee5 C2 Times City nh\u00ecn ch\u00e9o sang &#8211; \u0111\u1ed1i di\u1ec7n c\u1ed5ng tr\u01b0\u1eddng \u0110\u1ea1i h\u1ecdc UNETI nh\u00ecn ch\u00e9o sang)<br><strong>\u0110\/c<\/strong>: 101 A6 Mai \u0110\u1ed9ng, Q. Ho\u00e0ng Mai, H\u00e0 N\u1ed9i<br><strong>\u0110\/c<\/strong>: 164 Nam D\u01b0, L\u0129nh Nam, Q. Ho\u00e0ng Mai, H\u00e0 N\u1ed9i<\/p>\n\n\n\n<p class=\"has-text-align-center has-accent-color has-text-color\" style=\"font-size:22px\">HI\u1ec6U \u1ea2NH KTS PROLAB &#8211; R\u1eecA \u1ea2NH L\u1ea4Y NGAY<br><em><span style=\"text-decoration: underline;\"><strong>Studio<\/strong><\/span><\/em> <strong>ANH KHOA H\u00e0 N\u1ed9i &#8211; S\u00e0i G\u00f2n &#8211; 2005 &#8211;<br>    \u1ea2NH VI\u1ec6N CHO B\u00c9 &amp; GIA \u0110\u00ccNH <br><\/strong>Ch\u1ee5p \u1ea3nh th\u1ebb <strong><em><span class=\"has-inline-color has-vivid-cyan-blue-color\">L\u1ea5y Ngay<\/span><\/em><\/strong>, R\u1eeda \u1ea3nh c\u1ee1 to <strong><em><span class=\"has-inline-color has-vivid-cyan-blue-color\">L\u1ea5y Ngay<\/span><\/em><\/strong><br>R\u1eeda \u1ea3nh ch\u00ednh h\u00e3ng M\u1ef9 (Usa), Nh\u1eadt (Japan), Kodak, fujifilm..<br>R\u1eeda \u1ea3nh t\u1eeb \u0110TD\u0110, Email, Facebook&#8230;<strong><em><span class=\"has-inline-color has-vivid-cyan-blue-color\">L\u1ea5y ngay<\/span><\/em><\/strong><br><strong>Khung \u1ea3nh<\/strong> \u0111\u1eb9p cao c\u1ea5p chu\u1ea9n qu\u1ed1c t\u1ebf, ko ph\u1ea3i lo\u1ea1i &#8220;r\u1edfm m\u1ea1ng&#8221;<br><strong><span style=\"text-decoration: underline;\">Ch\u00fa \u00fd:<\/span><\/strong> Th\u1ecb tr\u01b0\u1eddng 95% \u1ea3nh r\u1edfm \u1ea9m, \u01b0\u1edbt nh\u00f2e ngay, ko l\u00e0m \u0111\u01b0\u1ee3c b\u1eb1ng, visa, h\u1ed9 chi\u1ebfu &#8230;kh\u00f4ng ph\u1ea3i l\u00e0m ngh\u1ec1 \u1ea3nh, b\u1ecb l\u1eeba. Qu\u00fd kh\u00e1ch l\u00ean t\u00ecm hi\u1ec7u \u1ea3nh uy t\u00edn l\u00e2u n\u0103m H\u00e0 N\u1ed9i&#8230;<\/p>\n\n\n\n<p class=\"has-text-align-center has-large-font-size\"><strong>Hi\u1ec7u \u1ea3nh ANH KHOA &#8211; 2005-<br>H\u1ed7 tr\u1ee3 t\u1eadn n\u01a1i <span class=\"has-inline-color has-vivid-red-color\">24\/24<\/span> c\u1ea3 ngo\u00e0i gi\u1edd<br><span class=\"has-inline-color has-vivid-red-color\">\u0110t: (Zalo) 038 6604 999 &#8211; 0335 222 507<\/span><br>Email: aocuoianhkhoa@gmail.com<\/strong><br><strong>Ch\u1ee5p \u1ea3nh CHO B\u00c9 Minh Khai Timecity,  \u1ea2nh vi\u1ec7n CHO B\u00c9 \u0110\u1eb8P<\/strong><\/p>\n\n\n\n<p style=\"font-size:22px\"><strong>Rua<\/strong> anh lay ngay http:\/\/ruaanhlayngay.com N\u00e2ng c\u1ea5p web C\u1eeda h\u00e0ng \u00e1o c\u01b0\u1edbi v\u00e0 Hi\u1ec7u \u1ea3nh Anh Khoa. <strong><em>H\u00e2n h\u1ea1nh<\/em><\/strong> Ch\u1ee5p <strong><em>v\u00e0<\/em><\/strong> R\u1eeda \u1ea3nh L\u1ea5y ngay <strong><em>24\/24<\/em><\/strong> !<\/p>\n\n\n\n<p><\/p>\n\n\n\n<figure class=\"wp-block-image size-large\"><img loading=\"lazy\" width=\"1024\" height=\"683\" src=\"http:\/\/localhost\/rua-anh\/wp-content\/uploads\/2020\/09\/chup-anh-the-lay-ngay-minh-khai-1-1024x683.jpg\" alt=\"\" class=\"wp-image-54\" srcset=\"http:\/\/ruaanhlayngay.com\/rua-anh\/wp-content\/uploads\/2020\/09\/chup-anh-the-lay-ngay-minh-khai-1-1024x683.jpg 1024w, http:\/\/ruaanhlayngay.com\/rua-anh\/wp-content\/uploads\/2020\/09\/chup-anh-the-lay-ngay-minh-khai-1-300x200.jpg 300w, http:\/\/ruaanhlayngay.com\/rua-anh\/wp-content\/uploads\/2020\/09\/chup-anh-the-lay-ngay-minh-khai-1-768x512.jpg 768w, http:\/\/ruaanhlayngay.com\/rua-anh\/wp-content\/uploads\/2020\/09\/chup-anh-the-lay-ngay-minh-khai-1-1536x1024.jpg 1536w, http:\/\/ruaanhlayngay.com\/rua-anh\/wp-content\/uploads\/2020\/09\/chup-anh-the-lay-ngay-minh-khai-1-2048x1365.jpg 2048w, http:\/\/ruaanhlayngay.com\/rua-anh\/wp-content\/uploads\/2020\/09\/chup-anh-the-lay-ngay-minh-khai-1-1200x800.jpg 1200w, http:\/\/ruaanhlayngay.com\/rua-anh\/wp-content\/uploads\/2020\/09\/chup-anh-the-lay-ngay-minh-khai-1-1980x1320.jpg 1980w\" sizes=\"(max-width: 1024px) 100vw, 1024px\" \/><\/figure>\n\n\n\n<p class=\"has-text-align-center\">HI\u1ec6U \u1ea2NH ANH KHOA &#8211; 2005 &#8211;<\/p>\n\n\n\n<p><strong><em>Chuy\u00ean:<\/em><\/strong> R\u1eeda \u1ea3nh ph\u00f3ng to L\u1ea5y Ngay, Ch\u1ee5p \u1ea3nh th\u1ebb L\u1ea5y ngay 01 Ph\u00fat, \u1ea2nh vi\u1ec7n Cho b\u00e9 &amp; Gia \u0111\u00ecnh &#8211; Sinh nh\u1eadt &#8211; Ti\u1ec7c l\u1edbp &#8211; S\u1ef1 ki\u1ec7n &#8211; Ngh\u1ec7 thu\u1eadt &#8211; Th\u1eddi trang&#8230;Ph\u1ee5c ch\u1ebf \u1ea3nh c\u0169, l\u1ed3ng gh\u00e9p \u1ea3nh Ngh\u1ec7 thu\u1eadt, Quay phim Ch\u1ee5p \u1ea3nh L\u1ea5y Ngay, D\u1ef1ng phim, l\u00e0m \u0111\u0129a, t\u1ea1o k\u1ef9 x\u1ea3o, l\u1ed3ng nh\u1ea1c v.v.v&#8230;<\/p>\n\n\n\n<p><strong><em>H\u1ed7 tr\u1ee3<\/em><\/strong> t\u1eadn n\u01a1i 24\/24 c\u1ea3 ngo\u00e0i gi\u1edd Ch\u1ee5p \u1ea3nh th\u1ebb L\u1ea5y Ngay, R\u1eeda \u1ea3nh L\u1ea5y Ngay Minh Khai, TimeCity, Kim Ng\u01b0u, L\u1ea1c Trung, V\u0129nh Tuy, Mai \u0110\u1ed9ng, 8\/3, Nguy\u1ec5n Kho\u00e1i, Tam Chinh, \u0110\u1ec1n L\u1eeb&#8230;c\u00e1c qu\u1eadn n\u1ed9i th\u00e0nh to\u00e0n H\u00e0 N\u1ed9i.<\/p>\n\n\n\n<p>DIGITAL PHOTO SEVICE CENTER http:\/\/RuaAnhLayNgay.com<\/p>\n\n\n\n<ul><li>In \u1ea3nh c\u00e1c c\u1ee1, \u0111\u1eb7c bi\u1ec7t l\u00e0 \u1ea3nh kh\u1ed5 l\u1edbn L\u1ea4Y NGAY<\/li><li>In b\u1ea3n \u0111\u1ed3, \u1ea3nh \u0111\u1ec1 \u00e1n t\u1ed1t nghi\u1ec7p\u2026<\/li><li>In thi\u1ec7p c\u01b0\u1edbi L\u1ea4Y NGAY \/ S\u1ea3n xu\u1ea5t v\u00e0 b\u00e1n PH\u00d4I THI\u1ec6P C\u01af\u1edaI<\/li><li>Ch\u1ee5p \u1ea3nh ngh\u1ec7 thu\u1eadt, thi\u1ebft k\u1ebf, ho\u00e0n thi\u1ec7n album H\u00e0n Qu\u1ed1c<br>L\u00e0m \u1ea3nh Composite, \u1ea3nh Laminate.<\/li><li>Ch\u1ee5p \u1ea3nh, quay phim theo y\u00eau c\u1ea7u (c\u01b0\u1edbi h\u1ecfi, h\u1ed9i ngh\u1ecb, sinh nh\u1eadt\u2026)<\/li><li>Ch\u1ee5p \u1ea3nh th\u1ebb, \u1ea3nh h\u1ed9 chi\u1ebfu l\u1ea5y ngay ch\u01b0a \u0111\u1ebfn 1 ph\u00fat.<br>L\u1ed3ng th\u00e9p \u1ea3nh ngh\u1ec7 thu\u1eadt \u2013 Ph\u1ee5c ch\u1ebf \u1ea3nh c\u0169<\/li><li>D\u1ef1ng v\u00e0 sang b\u0103ng \u0111\u0129a L\u1ea4Y NGAY \/ Copy \u1ea3nh v\u00e0o CD, VCD, CARD\u2026<\/li><li>B\u00e1n pin, phim, th\u1ebb nh\u1edb, \u0111\u1ea7u \u0111\u1ecdc CD, VCD, DVD\u2026<br>Cung c\u1ea5p v\u1eadt t\u01b0 ng\u00e0nh \u1ea3nh B\u00c1N S\u1ec8 v\u00e0 L\u1eba.<\/li><\/ul>\n\n\n\n<p><strong><em>H\u00e2n h\u1ea1nh ph\u1ee5c v\u1ee5 Qu\u00fd kh\u00e1ch !<\/em><\/strong><\/p>\n\n\n\n<p>B\u1ea3n quy\u1ec1n Hi\u1ec7u \u1ea3nh KTS ProLab &#8211; Studio ANH KHOA -2005- \u0111ang n\u00e2ng c\u1ea5p t\u1eeb webiste c\u0169 C\u1eeda h\u00e0ng \u00e1o c\u01b0\u1edbi v\u00e0 Hi\u1ec7u \u1ea3nh Anh Khoa 2005 Rua anh lay ngay http:\/\/ruaanhlayngay.com.<\/p>\n","protected":false},"excerpt":{"rendered":"<div class=\"mh-excerpt\"><p>Ch\u1ee5p \u1ea3nh th\u1ebb L\u1ea5y Ngay v\u00e0 R\u1eeda \u1ea3nh L\u1ea5y Ngay http:\/\/ruaanhlayngay.com Uy t\u00edn &#8211; Chuy\u00ean nghi\u1ec7p 24\/24! t\u1ea1i Minh Khai, Times city, Kim Ng\u01b0u, L\u1ea1c <a class=\"mh-excerpt-more\" href=\"http:\/\/ruaanhlayngay.com\/rua-anh\/\" title=\"Gi\u1edbi thi\u1ec7u\">[&#8230;]<\/a><\/p>\n<\/div>","protected":false},"author":1,"featured_media":0,"parent":0,"menu_order":0,"comment_status":"closed","ping_status":"open","template":"","meta":[],"_links":{"self":[{"href":"http:\/\/ruaanhlayngay.com\/rua-anh\/wp-json\/wp\/v2\/pages\/2"}],"collection":[{"href":"http:\/\/ruaanhlayngay.com\/rua-anh\/wp-json\/wp\/v2\/pages"}],"about":[{"href":"http:\/\/ruaanhlayngay.com\/rua-anh\/wp-json\/wp\/v2\/types\/page"}],"author":[{"embeddable":true,"href":"http:\/\/ruaanhlayngay.com\/rua-anh\/wp-json\/wp\/v2\/users\/1"}],"replies":[{"embeddable":true,"href":"http:\/\/ruaanhlayngay.com\/rua-anh\/wp-json\/wp\/v2\/comments?post=2"}],"version-history":[{"count":170,"href":"http:\/\/ruaanhlayngay.com\/rua-anh\/wp-json\/wp\/v2\/pages\/2\/revisions"}],"predecessor-version":[{"id":547,"href":"http:\/\/ruaanhlayngay.com\/rua-anh\/wp-json\/wp\/v2\/pages\/2\/revisions\/547"}],"wp:attachment":[{"href":"http:\/\/ruaanhlayngay.com\/rua-anh\/wp-json\/wp\/v2\/media?parent=2"}],"curies":[{"name":"wp","href":"https:\/\/api.w.org\/{rel}","templated":true}]}}